(a)?
1
Suppose c = -86*g + 91*g + 33332, -5*g - 133283 = -4*c. What is the ten thousands digit of c?
3
Let g = -7039 + 16898. What is the hundreds digit of g?
8
Suppose 32*h = 1150 + 6210. What is the units digit of (h - 1) + (-228)/57?
5
Let z = 29055 + -18545. What is the tens digit of z?
1
Suppose 65 + 61 = -9*g. Let k(i) = -i**3 - 11*i**2 + 37*i + 16. What is the tens digit of k(g)?
8
Let y(x) = 233*x**2 + 5*x - 2. Let t be y(-2). Suppose -5*q + 202 = d - 28, 0 = 4*d - 3*q - t. Suppose 3*u + 68 - d = 0. What is the units digit of u?
4
Let n(f) = f**2 + 5*f + 6. Let b be n(-2). Suppose b = 2*t - 13 + 3. Suppose 0 = 2*v - t*m + 4 - 2, m = -v + 6. What is the units digit of v?
4
Let w = -73 - -30. Let p = 46 + w. Suppose 5 = b + p. What is the units digit of b?
2
Let y be 5*(-7)/(7/15). Let f = y + 71. What is the units digit of (-3)/(-4) + 2 + (-141)/f?
8
Let o(n) = 128*n**2 + 28*n + 77. What is the units digit of o(-5)?
7
Suppose -2799437 = -32*i - 15*i + 666625. What is the hundreds digit of i?
7
Let c(i) = 6*i**2 + 8*i - 15. Let u be c(2). Suppose 13*m + 1536 = u*m. Let v = m + 18. What is the units digit of v?
6
Let y(o) = 4*o - 93. Let v be y(21). What is the units digit of -4*142*((7 - 1) + v)?
4
Suppose 8 = 2*q + 10. Let t be (-84)/(-6)*1/q. Let d = t - -164. What is the units digit of d?
0
Let p be (21/7 - 4)/((-2)/2). What is the units digit of (36/8*-1)/(p/(-432))?
4
Suppose -n + 4*z = 424, -4*n - 816 - 838 = 5*z. Let s = 827 + n. What is the tens digit of s?
1
What is the units digit of ((-18)/(1512/(-483)))/(1/44)?
3
Let h be 207/(-6) - (-3)/12*-2. What is the tens digit of (1*12/(-28) - 21)*h?
5
Let s(b) = 36*b + 14. Let z(p) = 19*p + 23. Let o be z(5). Let f = o - 113. What is the units digit of s(f)?
4
Let b(f) = 889*f + 261. Let w(a) = 445*a + 129. Let v(m) = 6*b(m) - 13*w(m). What is the hundreds digit of v(-4)?
6
Suppose 28*l - 16*l - 138299 = 5*l. What is the thousands digit of l?
9
Suppose 643966 + 113722 = 106*d. What is the thousands digit of d?
7
Let a = 576 + -583. Let v(y) = -2*y**3 + 2*y**2 + 20*y + 5. What is the units digit of v(a)?
9
Let b(n) = n**2 - 3*n + 2. Let s be b(3). Suppose k - 21 = -4*o, 5*o - 17 + 7 = s*k. Suppose o*x + 40 - 56 = 0. What is the units digit of x?
4
Let u(c) = 3*c**2 - c. Let n be u(6). Let v(d) = 4*d**2 + 6*d + 24. Let s be v(-4). Let l = n - s. What is the tens digit of l?
3
Suppose -4*p + 5*q = -48384, -71*p + q = -69*p - 24192. What is the units digit of p?
6
Suppose 6*t = 21 + 15. Let c(q) = -q**2 + 8*q - 20. Let z be c(t). What is the units digit of ((z - -196)*1/2)/2?
7
Let l be (3 + 1948/20)*-5. Let b = 920 + l. What is the hundreds digit of b?
4
Let u(t) = -689*t + 2100*t - 763*t + 7 - 740*t. Let c(i) = i**2 + 8*i - 10. Let b be c(-9). What is the tens digit of u(b)?
9
Let r = 6258 + 3680. What is the hundreds digit of r?
9
Suppose -184*k + 3*g = -189*k + 12006, 2*k - 4*g - 4792 = 0. What is the hundreds digit of k?
4
Let m(i) be the second derivative of -i**5/20 + 19*i**4/12 + 41*i**3/6 - 31*i**2/2 + i + 18. What is the hundreds digit of m(19)?
7
Suppose d + u = 4092 + 8752, 0 = 5*u + 20. What is the units digit of d?
8
Suppose -t + 2*u = -25153, 18*t - 14*t = -3*u + 100700. What is the thousands digit of t?
5
Suppose 514*d = 505*d + 116874. What is the ten thousands digit of d?
1
Let r(u) = -u**2 - 17*u + 14. Suppose -2*y - y = 0. Suppose n + a + 9 = y, 3*n - 6*a = -a - 51. What is the units digit of r(n)?
4
What is the tens digit of (72/16 - 7/14) + 1452?
5
Let z(i) = 2*i. Let p be ((-2 - 2) + 3)*-2. Let b be z(p). Suppose b*o - 23 = 5. What is the units digit of o?
7
Let h(g) = 8*g**3 - 3*g**2 - 7*g + 12. Suppose 5*z + 26 = 101. Suppose 5*v - 6 = -5*i + 2*v, i - 4*v - z = 0. What is the units digit of h(i)?
0
Let c be 0/(4 - 0) - 1. Let x(n) = -503*n + 3. What is the hundreds digit of x(c)?
5
Suppose -3*r + 67 = -5. Let k(v) = -v**3 + 25*v**2 - 19*v + 55. What is the units digit of k(r)?
5
Let u(b) = 18*b**2 - 42*b - 203. What is the hundreds digit of u(-5)?
4
Let j be 6 - ((-6)/(-2) + -5). Let m(x) = -2*x**2 + 10*x + 8. Let b be m(j). What is the tens digit of -3 - -2 - (5 + b)?
3
Suppose 0 = 3*u - 26 + 29. Let m be 106/(-5)*(4 - u). What is the units digit of m/(-18) + 9/81?
6
Let n(a) = 130*a**2 - 99*a + 155. What is the ten thousands digit of n(15)?
2
Suppose 0 = 5412*w - 5402*w - 57420. What is the tens digit of w?
4
Let q = -5841 + 9383. What is the units digit of q?
2
Let l = -13014 + 27964. What is the hundreds digit of (-40)/(-160) - (l/8)/(-5)?
3
Let p be 4/(-38) - 14/(-133). Suppose p = 5*f + 19 - 34, 5*f - 99 = -2*c. What is the units digit of c?
2
Let a(b) = 66*b**2 - 55*b + 485. What is the units digit of a(11)?
6
Suppose 9490 = y - 5*v, -177*v + 18952 = 2*y - 173*v. What is the units digit of y?
0
Suppose 4*r - 1474 = -3*d - 105, 10 = -5*r. Let o = d - 294. What is the units digit of o?
5
Let m be (0 - -1)*-4*3. Let c(y) = y**3 + 11*y**2 - 11*y + 13. Let l be c(m). What is the units digit of -4 - -74 - 6/(-3 + l)?
3
Let t be 60/16 + 6/(-8). Let d = 180 - t. Suppose -3*h = -2*w - d, -4*h + 5*w = 2*w - 237. What is the units digit of h?
7
Let r = -260 - -253. Let w = r - -26. What is the tens digit of w?
1
Let g be (-2)/((24/15)/(-4)). Suppose -5*a = 3*t + 8, -g*t = -a - 0*a - 24. What is the hundreds digit of 113 + (a/(-8))/((-1)/2)?
1
Let b = 58 + -53. Let v(c) = -9*c - 17. Let g be v(b). Let m = g + 127. What is the tens digit of m?
6
Let k = -10058 + 21456. What is the thousands digit of k?
1
Let t(i) = -4*i - 2. Let a be t(-2). Let v be ((-176)/(-64))/((-3)/36). What is the units digit of v/(-9) - 3 - (-416)/a?
0
Let k = 7196 + 28528. What is the units digit of k?
4
Suppose -3*w - 3*x = 2*x - 2484, -3*w + 2*x + 2484 = 0. Suppose 3*q - w = 4638. What is the units digit of q?
2
Let d(p) = -14*p - 3. Let w(v) be the third derivative of v**4/24 + v**3/6 - 17*v**2. Let m(j) = d(j) + w(j). What is the units digit of m(-5)?
3
Let q = -8 + 10. Let n be (15/(-30))/(q/16). Let a(m) = -17*m + 8. What is the tens digit of a(n)?
7
Let t be 2/((-1059)/2126 - 15/(-30)). Suppose 3*k = 4*v - v - 801, 0 = -4*v - k + t. What is the tens digit of v?
6
Suppose 58*r - 89*r + 373488 = 0. What is the ten thousands digit of r?
1
Let a be ((-106)/(-2))/(-21 + 20). Let y(p) = p**3 + 5*p**2 - 7*p + 6. Let u be y(-7). Let d = u - a. What is the units digit of d?
0
Let q = -5280 - -7723. What is the hundreds digit of q?
4
Let n = 30331 + -17756. What is the units digit of n?
5
Let o(l) = -144*l - 41. Let w be (-2)/((-2)/(-4) - 0). What is the tens digit of o(w)?
3
Let k(z) = z**3 - 8*z**2 + 12*z + 9 + 0*z**2 - 5 + 2. Let w be k(6). Suppose -w*b + 172 = -164. What is the tens digit of b?
5
Let v(l) = -71*l + 18. Let b(x) = 3*x**2 + 101*x - 36. Let k be b(-34). What is the units digit of v(k)?
0
Suppose 19954 = 2*q - 3*t, 39908 = 4*q + 24*t - 21*t. What is the hundreds digit of q?
9
Suppose -2*m - 19455 = -n, m + 77862 = -n + 5*n. What is the tens digit of n?
6
Let v(n) = 21*n + 9. Let h(j) = -j - 1. Let d(i) = -4*h(i) - v(i). Let k(t) = -25*t - 8. Let g(c) = 7*d(c) - 5*k(c). What is the units digit of g(2)?
7
Let l(s) = 6*s + 7. Let b be l(-6). Let j(q) = 2*q**3 - 3*q - 3. Let y be j(-4). Let w = b - y. What is the units digit of w?
0
Let r(z) = z**3 + 5*z**2 - 2*z - 7. Let t be r(-5). Let h be 9*(10/t + -3). Suppose -h*o + o = m - 133, -2*m = -o - 291. What is the tens digit of m?
4
Let n(r) be the second derivative of r**4/12 + 11*r**3/6 + 17*r**2/2 + 7*r. Let j be n(-2). What is the units digit of (5 + j - 131)*-2?
4
Suppose 2*f - 1262 = -3*u, 9*u - 5*f = 13*u - 1671. What is the units digit of u?
4
Suppose 320*g - 15706511 = -77*g. What is the tens digit of g?
6
Let d(r) = 173*r**2 + 252*r - 13. What is the thousands digit of d(-14)?
0
Suppose 3735 = 3*r - o, -39*r = -36*r - 2*o - 3729. What is the units digit of r?
7
Let p = -1580 - -4261. What is the hundreds digit of p?
6
Let p(s) = -s**2 - 10*s + 6. Let t be p(-10). Let a be 2*((-162)/28 - t/(-21)). What is the units digit of ((-3)/2 + 1)/(a/1342)?
1
Suppose -4*f - 97 = 5*n, -2*f + 4 = -0*f. Let y(s) = s**2 + 20*s + 113. What is the tens digit of y(n)?
3
Let s(f) = 6*f - 1. Suppose 3*z - 12 = -3*b, 0 = -0*z + z + 4*b - 4. Su